- 24 = -4*r + r, k + 12 = 3*r. Suppose -r*t = 3*u + 2*u, u - 2 = t. Suppose -i + 13 = -u. What are the prime factors of i?
2, 7
Let a be (1 + 3)/2 + 16. Suppose 6 = -0*s - 2*s + 4*h, 2*s + 4*h = a. Suppose 2*b + 6 = g, -s*g - b = -54 + 1. What are the prime factors of g?
2
Let d be (-112)/(-20) + (-2)/(-5). Let s(z) = z**3 - 4*z**2 - 9*z + 2. List the prime factors of s(d).
2, 5
Let r be (2 - (2 - 0))/1. Let c be 1/(0 + r + 1). List the prime factors of 1 + 1 + 0 + c.
3
Let f(l) = -l**2 - 7*l - 6. Let c be f(-5). Suppose -g + 7 = -c. What are the prime factors of g?
11
Let k(c) = 2*c**3 + 12*c**2 + 21*c - 6. Let p(r) = -r**3 - 6*r**2 - 11*r + 3. Let n(o) = -6*k(o) - 11*p(o). List the prime factors of n(-5).
3
Suppose -l - 12 + 68 = 0. Let h = l + -30. What are the prime factors of h?
2, 13
Let k = 130 - 79. Let z = k + -32. List the prime factors of z.
19
Let d(w) = w**2 - w - 4. Let f be d(3). Suppose -f*c + 57 = c. What are the prime factors of c?
19
Let p be (-57)/(-21) - (-4)/14. Suppose 0 = f - p*f + 42. List the prime factors of f.
3, 7
Suppose -3*w = -z - 600, -2*w - 5*z = -3*w + 200. What are the prime factors of w?
2, 5
Let b(t) = -8*t - 2. Let k be b(5). Let g = -6 - k. Let i = g + -26. What are the prime factors of i?
2, 5
Let y = -29 - -55. Suppose -110 = 21*c - y*c. What are the prime factors of c?
2, 11
Let w be (24/(-40))/((-2)/10). Suppose 0*v - w*v + 27 = 0. What are the prime factors of v?
3
Let k(q) = q**3 + 4*q**2 + 5*q + 2. Let w be k(-3). What are the prime factors of (-19)/w + 1/4?
5
Let q = -72 + 136. List the prime factors of q.
2
List the prime factors of -52*2/((-32)/12).
3, 13
Suppose i - 2 = -0. Suppose -i*k + 8 + 2 = 0. Suppose k*g = p + 61, -31 = -3*g - 0*g - 5*p. What are the prime factors of g?
2, 3
Suppose 5*i + 4*b - 115 = -b, 0 = -2*i + 4*b + 46. Suppose 5*l - 36 = f, 5*f - i = -6*l + 2*l. Suppose -20 + l = -g. List the prime factors of g.
13
Let k(d) = 4*d + 4. List the prime factors of k(8).
2, 3
Let d = -6 - 5. Let h = d - -7. Let t = 11 + h. List the prime factors of t.
7
Let c = -21 - -81. Suppose 2*d + 3*d - c = 0. Suppose -5*j + 3 = -d. List the prime factors of j.
3
Suppose 5*y + 0*d + 5*d = 430, 2*d = y - 92. List the prime factors of y.
2, 11
Suppose 0 = -4*b - 0*b + 32. Let j = -8 + b. Suppose j = -2*x - 4*d + 56, 3*x - 40 = -3*d + 29. List the prime factors of x.
2, 3
Let j be (-2)/(-4)*(-15 - 1). Let v(n) be the first derivative of -n**2/2 - 6*n + 2. List the prime factors of v(j).
2
Suppose 7 = 5*v + 2. Let i = 0 - 2. What are the prime factors of (i/(-5))/v*25?
2, 5
Suppose -8*s + 6*s + 138 = 0. What are the prime factors of s?
3, 23
Suppose 46*p = 39*p + 1190. What are the prime factors of p?
2, 5, 17
Let h = 60 + -16. Suppose -5*x - 5*y + 90 = 0, -4*x - 5*y = -x - h. List the prime factors of x.
23
Let n(i) = -i - 11. Let q be n(0). List the prime factors of 2/q + (-138)/(-33).
2
What are the prime factors of (-7)/3*(-1 + 1 - 48)?
2, 7
Let n(z) = -z**2 + 5. Let g be (-1)/1 - (2 - 3). Let b be n(g). Suppose -c + b*y + 23 = -0*c, -2*y = 3*c - 18. List the prime factors of c.
2
Suppose 4 = -g + 2*g. Suppose -g*k = -3 - 1. What are the prime factors of (-8)/(-10)*10/k?
2
Suppose 0 = -2*g + g + 2, -g - 4 = -v. List the prime factors of v.
2, 3
Suppose 3*k = u - 177, -3*k + 5*k = 3*u - 524. List the prime factors of u.
2, 3, 29
Let k(m) = -m - 2. Let v be k(-7). Suppose v*z = 6*a - 4*a + 34, -5*z = 5*a - 55. List the prime factors of z.
2
Let d = 85 - 47. Let b = 77 - d. List the prime factors of b.
3, 13
Let m = -101 - -185. Suppose 2*k - m = -4*z, 4*z + 5*k - 95 = -z. What are the prime factors of z?
23
Suppose 0 = -3*d - d + 80. What are the prime factors of d?
2, 5
Let p = -1 + 1. Suppose w - 4 = -p. What are the prime factors of w?
2
Suppose -g = 4*g - 3*j - 17, 2*j = -2*g + 10. Suppose -g*t + 23 = 3*s, 0 = 3*t - 0*s - 5*s + 19. Suppose 3*k - 35 = -t. List the prime factors of k.
11
Let w(o) = o**2 - 12*o + 22. List the prime factors of w(18).
2, 5, 13
Let w(y) be the third derivative of 2*y**6/15 + y**5/30 - y**4/12 + y**3/6 - 3*y**2. List the prime factors of w(1).
17
Let v(b) = b**3 + 12*b**2 + 3*b + 5. Let i be v(-12). Let t = 43 + i. List the prime factors of t.
2, 3
Suppose 0*n + 4 = -2*n. Let i be (n/(-1))/4*10. Suppose -52 = -i*v + v. List the prime factors of v.
13
Let g(z) = z**3 - 2*z - 4. Let l be g(3). Suppose -2 = 5*a - l. What are the prime factors of (a/(-3))/((-1)/2)?
2
Let w(m) = m**3 - m**2 + 2*m - 4. Let j be w(2). Suppose 6*f - 42 = j*f. List the prime factors of f.
3, 7
Let p = 5 + -1. Suppose k + p*k + 12 = q, 3*q + 4*k = 17. List the prime factors of q.
7
Let d(l) = 3*l**2 - 3*l - 3. Let k be d(3). Suppose 3*r - 2*r - 2 = 0. List the prime factors of (r + (-39)/k)*-15.
3
Let j be 2/((-2 - 0)/(-1)). List the prime factors of j/(-4) + 63/12.
5
Suppose -81 - 78 = -n. List the prime factors of n.
3, 53
Let m = -9 + 21. Suppose -k + 3*r + 59 = 3*k, -2*r - 72 = -5*k. Suppose -2*v + k = -m. List the prime factors of v.
13
Let d(b) = b - 7. Let s be d(4). Let w = -1 - s. Suppose -4 = 2*g + 4*x, -x = -w*g - g + 29. What are the prime factors of g?
2
Let p = -116 + 191. List the prime factors of p.
3, 5
Suppose 0 = -4*z + 5*z - 132. List the prime factors of z.
2, 3, 11
Let x(a) = -2*a + 2 + 1 - 2. Let c be x(-4). Let j = c - 4. List the prime factors of j.
5
Suppose -i - 4*l = -0*l - 16, 2*i + 20 = 5*l. What are the prime factors of (-2)/((-8)/116 + i)?
29
Let b(s) = s - s**2 - 4 + 0*s**2 + 2*s**2 + s. What are the prime factors of b(-4)?
2
What are the prime factors of (3 - -38)*(0 + 1)?
41
Let p(n) = 14*n**3 + 18*n**2 - 6*n + 8. Let j(m) = 5*m**3 + 6*m**2 - 2*m + 3. Let k(o) = 11*j(o) - 4*p(o). List the prime factors of k(-7).
2, 3
What are the prime factors of (-2 + 11)/3*7?
3, 7
Let k(v) = 21*v**2 + 1. What are the prime factors of k(1)?
2, 11
What are the prime factors of (56/5)/(11/110)?
2, 7
Suppose 5*c - 5*d + 96 + 49 = 0, 2*d - 133 = 5*c. Let f = 43 + c. What are the prime factors of f?
2, 3
List the prime factors of 7*2/(-6)*-3.
7
Let o = 108 + -204. What are the prime factors of (1/1)/((-12)/o)?
2
Let l be (11/(-2))/((-2)/12). Suppose 4*j = j + l. What are the prime factors of j?
11
Let v(u) = -u**3 - 3*u**2 + 3*u + 3. What are the prime factors of v(-5)?
2, 19
Let a(l) = 2*l**2 + 6*l + 2. Let k = -3 + -1. What are the prime factors of a(k)?
2, 5
Suppose 3*f - 24 = -2*q + 7*f, -3*q = -3*f - 39. Let k = -7 + q. Suppose -k = -l - 2*b, -4*l + 2*b - b = -64. List the prime factors of l.
3, 5
Let r be (-4)/(0 + -3 + 2). Suppose -5*n + n = -3*p + 13, -2*p + 5*n + r = 0. What are the prime factors of p?
7
Let w = 43 - 22. List the prime factors of w.
3, 7
Suppose -3*v + 67 = 7. List the prime factors of v.
2, 5
Let w = 403 + -745. What are the prime factors of w/(-15) - (-4)/20?
23
Let r = -76 + 209. List the prime factors of r.
7, 19
Suppose -d - 38 = -j, 5*d = -3*j + 75 - 1. Suppose -4*h + 101 = j. List the prime factors of h.
17
What are the prime factors of 2/(-5) + 147/5?
29
Let q(h) = h**2 + 8*h - 3. Let s be q(-12). Suppose -76 = -4*a - 4*m, a - 4*a + 3*m = -s. List the prime factors of a.
17
Suppose 4*h - 2*f = 6, 5*h = -5*f + f + 1. List the prime factors of h*2*20/8.
5
What are the prime factors of ((-2)/6)/((-4)/60)?
5
Let h(f) = -f**2 + 22. List the prime factors of h(0).
2, 11
Let f(d) = 3*d + 34. List the prime factors of f(10).
2
Let z be (-2*1 - -2)/2. Let d be 2/(z - -2*1). List the prime factors of 0 + (0 - d) - -12.
11
Let l(s) = -5*s + 3. Let a be l(3). Let u(v) be the second derivative of -v**3/3 - 7*v**2 - 11*v. What are the prime factors of u(a)?
2, 5
Let m be (-1)/(((-3)/(-106))/3). Let y = m + 151. Suppose -3*k + y = -0*k. What are the prime factors of k?
3, 5
Let v = -76 + 169. List the prime factors of v.
3, 31
Suppose -3*p = 2*u, 5*u = 6 + 9. Let w = 4 + p. Suppose -w*r - 8 = 3*f, -2*f = -7*f - 20. What are the prime factors of r?
2
Let u = 23 - 15. Let f be (-2 + 0)*(5 - 3). Let g = u + f. What are the prime factors of g?
2
Suppose l = -l + 186. Suppose -2*y = y - l. What are the prime factors of y?
31
Suppose -2*u + 772 = -4*r, 2*r = u - 2*r - 392. What are the prime factors of u?
2, 5, 19
Suppose 4*x - 9 - 143 = 0. Suppose 2*n = x - 14. W